2 + 14*q + 7. Let v(n) = z*m(n) - 6*h(n). Determine v(-1).
26
Let g(s) = -s + 10. Suppose 2*u - 12 - 122 = 0. Let x = -65 + u. Suppose j - 31 = 4*n + n, x*j - 2 = -2*n. Give g(j).
4
Let x(w) = -13*w**2 - 20*w - 3. Suppose 0 = 3*m + 3*h + 21, 2*m - 21 = -2074*h + 2079*h. Calculate x(m).
-15
Let y = 139 - 145. Let o(m) = -9*m**3 + 25*m**2 + 17*m + 25. Let p(v) = -4*v**3 + 10*v**2 + 8*v + 12. Let z(b) = -3*o(b) + 7*p(b). Determine z(y).
15
Let g(m) = 9*m**3 + 23*m**2 - 80*m - 57. Let r(h) = -5*h**3 - 12*h**2 + 41*h + 32. Let k(d) = 4*g(d) + 7*r(d). Give k(-11).
-4
Let i(g) = 17*g**3 - 54*g**2 - 63*g - 68. Let d(j) = 8*j**3 - 26*j**2 - 29*j - 33. Let t(m) = 13*d(m) - 6*i(m). Give t(7).
-14
Let d(a) = -19*a - 4004*a**3 + 14*a**2 + 32 + 8005*a**3 - 4000*a**3. Give d(-15).
92
Suppose -11*i - 1580 - 3106 = 0. Let g = 431 + i. Let v(w) = -w**2 + 7. What is v(g)?
-18
Let p = -4 - -7. Let i(r) = 4 - p + r + 2*r. Let o = -17629 + 17632. What is i(o)?
10
Let g(k) = 5*k. Let q(c) = 165*c - 643. Let m be q(4). Let r(d) = -d**3 + 4. Let f be r(0). Suppose 13 = -3*z + f*z + 3*b, -5*z - 3*b + m = 0. Give g(z).
5
Let z(d) be the third derivative of d**6/48 - 9*d**4/8 - d**3/3 + 2*d**2 - 47*d. Let l(f) be the second derivative of z(f). Determine l(1).
15
Suppose -127 = -4*w - 43. Suppose -5*k - 2*k + w = 0. Suppose -3*i + 2*i = -4*m - 3, -k*i = -9. Let x(y) = y**3 + y + 16. Give x(m).
16
Let o = 15 + -13. Let a(w) = -11 + 13*w + 25*w**o + 4 + w**3 + w**3 - 3*w**3 - 14*w**2. What is a(12)?
5
Let t(k) = -3*k + 33. Let n be ((35 - 0) + -2)/(-27 + 30). Calculate t(n).
0
Let o(s) = s**2 + 1. Let m(x) = -5*x**2 + 2*x + 11*x - x**3 - 5 - 14*x. Let c(w) = -m(w) - 5*o(w). Suppose -3*f = 3*d - 4*d + 7, -5*d = -20. Determine c(f).
-2
Suppose 3*n - 361 = -5*g, -3*g + 143*n + 237 = 138*n. Suppose -11*d + 3 = -g. Let h(z) = z**2 - 6*z - 10. Determine h(d).
-3
Let r be 41/(-451) + (-624)/(-88). Let m(d) = d**2 - 6*d + 43. Calculate m(r).
50
Let o(g) = g - 8. Let x(m) = 2*m + 4. Let h be x(1). Suppose 14*v - h*v = 40. Suppose -3*p - 2*p - 45 = 3*r, -v = r. Determine o(p).
-14
Suppose -5*c - 3*x + 791 = 0, -4*c + 9*x + 655 = 4*x. Let p = 154 - c. Let i(r) = -3*r - 4. Give i(p).
14
Let i(o) = 5*o**3 - 16*o**2 + 10*o - 25. Let z be i(3). Let k(l) = l**3 + 3*l**2 - 6*l - 10. Determine k(z).
-2
Let b(s) = -622*s + 232*s + 235*s - 148. What is b(-1)?
7
Let d(y) = -y**3 - 37*y**2 - 2*y - 110. Let b be d(-37). Let j(v) = -3*v - 109. What is j(b)?
-1
Let s(x) = 15 + 1387*x + 9 + 1392*x - 2776*x. Calculate s(-6).
6
Let j(w) be the first derivative of -w**3/3 - 2*w**2 + 3*w + 2. Let s(r) = -2*r**2 + 3*r - 2. Let n be (-27)/(-6) - (-10)/(-4). Let u be s(n). Give j(u).
3
Suppose 0*p + 4*p = 8. Suppose -2*q + 1 + 13 = -5*j, 3*j - p = -4*q. Let m(i) be the second derivative of -2*i**3/3 - i**2 + 474*i. What is m(q)?
-10
Let o(x) = -87*x + 1. Suppose 34*s - 25 - 19 + 10 = 0. Calculate o(s).
-86
Let u(x) = 5*x + 7. Let o(q) = -4*q - 6. Let k(s) = -6*o(s) - 5*u(s). Let n(y) = 106*y + 5827. Let j be n(-55). What is k(j)?
4
Suppose -109*r + 106*r = -24. Suppose -4*w = v + 5, 0 - r = 3*w + 5*v. Let z(t) = -4*t**2 + 2*t + 1. What is z(w)?
-5
Suppose -6*w + 532 - 406 = 0. Let i(s) = -5*s**2 + 99*s + 122. Calculate i(w).
-4
Let p(l) = -12*l + 13. Let j(n) = 21*n - 44. Let r(c) = 3*j(c) + 5*p(c). What is r(20)?
-7
Let s(u) = -u**2 - 7*u. Let f(d) = 4*d**2 - 10*d + 17. Let z(p) = f(p) + 2*s(p). Determine z(11).
-5
Let p(c) = 17*c**3 - c + 1. Suppose -10*w + 61 = 41. Suppose -4*j = -7*j - 2*b + 13, -5*b + 23 = -w*j. Calculate p(j).
17
Let k(i) = i**2 - 8*i + 11. Let y be (-82)/8*(9 + -101). Suppose -18*f + 407 = -y. Let x = 83 - f. Give k(x).
11
Let x(f) = -1514 - 3*f**2 - 1498 + 3009 - 14*f. Determine x(-6).
-27
Let p(s) = s**2 - 19*s - 3. Suppose -2*r = x + 6 - 41, r - 22 = x. Let g be p(r). Let j(n) = 3*n + 3. Let k(t) = 6*t + 7. Let l(o) = g*k(o) + 7*j(o). Give l(2).
6
Suppose 0 = 7*w - 5 - 9. Let q(f) = 0*f**2 - 7*f - 5 - 3*f**2 + 4*f**w - f. Suppose 2*m = 5*m + 4*g - 18, -4*m + 24 = g. Determine q(m).
-17
Let a(o) = o**2 - 10*o - 50. Let c(n) = n**3 - 22*n**2 - 72*n - 61. Let b be c(25). Give a(b).
6
Let k(m) be the first derivative of -6*m - 106 + 3/2*m**2 - 1/3*m**3. Give k(3).
-6
Let s(o) be the first derivative of 3*o**2/2 + 3*o + 21. Suppose 6*j - 14 = 9*j - 4*f, j + 4 = 2*f. What is s(j)?
-15
Let p(d) = -d**3 + 90*d**2 + 173*d + 1036. Let y be p(92). Let z(m) = m**3 - 23*m**2 - 25*m + 9. Determine z(y).
-15
Let j be (13 - 12) + 4/2. Suppose 0 = -4*r - 8, 5*r + 3 = 2*c - j. Let k(t) = -7*t**2 - 3*t - 3. Give k(c).
-25
Suppose 3*c = 18 + 15. Suppose -4*x + 5*w - c + 3 = 0, 4*x = w - 8. Let s(f) be the first derivative of -2*f**3/3 - f**2 + f + 86. Give s(x).
-3
Let s(v) = 2*v + 5. Suppose -2*j = -5*k - 6*j - 10, -5*k = j - 5. Suppose k*m - 6 = 0, 0 = -3*p - 0*p + 3*m - 3. Determine s(p).
9
Let k(f) = 16*f**2 + f - 1. Suppose -6 = -3*b + 3*i, 2*b + i = 5*i + 12. What is k(b)?
61
Let y(r) be the first derivative of r**4/4 + r**3/3 - 4*r**2 - 7*r + 3677. Determine y(-3).
-1
Let f(v) be the second derivative of -v**5/10 - v**2/2 + 5*v. Suppose 78*h = 90*h - 24. What is f(h)?
-17
Let z(u) = u + 20. Let q be z(-29). Let g(b) = -b**3 - 8*b**2 + 8*b - 3. Calculate g(q).
6
Suppose -2*h - 2 = -5*g, -5*g + h - 252 = -253. Let x(p) = 2*p - 58. Calculate x(g).
-58
Let x(t) = 3*t + 22. Let y(a) = a**2 + 29*a - 11. Let u be y(0). Determine x(u).
-11
Let s be (-2 - -3)*(3 + (1 - 8)). Let t(q) be the first derivative of 2*q**3/3 + 3*q**2/2 - 3*q - 1. Calculate t(s).
17
Let r(c) = c**3 + 21*c**2 + c + 16. Suppose 989 = -61*j - 292. Give r(j).
-5
Let o(t) = -t**3 + 9*t**2 + 13*t - 4. Let m = -665 + 715. Let y be (-6)/5*m/12*-2. What is o(y)?
26
Let f(j) = 5*j**2 + 116*j - 96. Let b be f(-24). Let x(t) be the second derivative of b + t**3 - 1/2*t**2 + 29*t. What is x(-2)?
-13
Let f(z) = z + 6. Suppose 3*p = n - 5, -3*n = -5*p - 4*n - 19. Let q be (7 + 0)/7*p. Determine f(q).
3
Let i(a) = 3*a**2 - 10*a. Let p(w) = -103*w**2 + 1 + 49*w**2 + 56*w**2. Let l(g) = i(g) - 2*p(g). Calculate l(-10).
-2
Let d(h) = -11*h**2 - 159*h - 8*h**2 + 80*h**3 + 179*h - 78*h**3 + 34. Calculate d(8).
2
Let a(p) be the first derivative of -p**3/3 + 25*p**2/2 + 54*p - 66. Let x be a(27). Let v(m) = -m**3 + m**2 + m - 1. Give v(x).
-1
Suppose 2*w - 2 = 0, -l + 12 - 1 = 3*w. Let q = l - 2. Suppose -10*n + q = -11*n. Let z(d) = -d**2 - 8*d - 3. Determine z(n).
9
Let s(h) be the second derivative of -h**5/20 + 7*h**4/12 - 2*h**3/3 + 3*h**2 + 11674*h. Calculate s(7).
-22
Let h(u) be the third derivative of 1/30*u**5 + 0*u - 20*u**2 + 5/24*u**4 - 1/6*u**3 + 0. What is h(-5)?
24
Let y(i) = 2*i**3 - 2*i**2 + i. Let b = 13 - -121. Let p be (-24)/(-3 - (4 + b/(-20))). Let k = 81 - p. Calculate y(k).
1
Suppose 10 = 5*i - 3*b - 5, -3*i + b = -9. Let t(j) = i*j**2 - 2*j**2 + 107 - 110. Let h(k) = 1. Let m(z) = -3*h(z) - t(z). Determine m(1).
-1
Let n(i) = 9*i + 102. Let w be n(-12). Let q(d) = d**2 - 31. Let o be q(w). Let k(u) = u**2 - 4*u - 6. Calculate k(o).
-1
Let b = -4065 + 3949. Let a = -296 - -180. Let c = a - b. Let k(w) = -w**3 + w + 3. Give k(c).
3
Let d(o) be the first derivative of -11/2*o**2 - 10*o - 19 - 11/3*o**3 + 1/4*o**4. What is d(12)?
2
Let z(y) = -21*y**2 + 86*y - 10. Suppose 2*r + 26 = p + 18, 5*r = 5*p - 30. Determine z(p).
-2
Let x(k) = -k**3 + 3*k**2 - 4*k - 9. Let g be x(-4). Let v = 256 - g. Let d(m) = -71*m - 5 + v*m + m**2 - 68*m. Determine d(6).
19
Let f(z) = -z**2 - 6*z - 7. Let j be (-1)/3 + 68/(-12). Let d be 6/4*(j + 4). Let x be -1 + (12/d - 2). Determine f(x).
-14
Let b = -2103 - -2114. Let j(u) = u**3 - 11*u**2 + 2*u - 28. What is j(b)?
-6
Suppose -14 = -4*t + 18*i - 15*i, 4*i = -3*t - 2. Let n(u) = 6*u**2 - 6*u**t - u**2 - 4 - 5*u - 2*u**2 + 2*u + 2*u**3. Give n(3).
14
Let g(x) = -x**2 + 16*x - 23. Let i be g(2). Let q(t) = 110*t**2 - 4*t + i*t + 6*t - 109*t**2 + 6. Determine q(-5).
-4
Let m(i) be the third derivative of -i**5/30 - 11*i**4/24 - 10*i**3/3 - 1851*i**2. What is m(-9)?
-83
Suppose 0*b - 3*b + 15 = 0, 0 = -3*k + 2*b - 1. Let u(g) = -g**2 + 3*g + 4. Let p be u(k). Let c(l) = -p*l + 6*l**2 - 11*l**2 + 4*l**2. What is c(-5)?
-5
Let u(r) = -45*r - 5208. Let t be u(-116). Let n(h) = -17*h + 198. Deter